w - 3*k + 149 = n. List the prime factors of w.
2, 41
Let m(h) = -h**3 - 19*h**2 + 2*h. Let d be m(-19). Let x be 3/(-2) + d/(-4). List the prime factors of ((-4)/x)/((-3)/102).
17
Let g(d) = d**3 - 13*d**2 - 29*d - 17. Let k be g(14). Let j be 0 - 4 - k/(2 - 1). Suppose -p + 2*u = -4*p + 251, j = 3*p - 5*u. List the prime factors of p.
3
Suppose 95*g - 88*g - 114702 = 0. List the prime factors of g.
2, 3, 2731
What are the prime factors of (107*1 - 644/(-92))/(10/3505)?
3, 19, 701
Let c(f) = -3475*f + 3420. What are the prime factors of c(-20)?
2, 5, 1823
What are the prime factors of (4 - -4074)/(25/425)?
2, 17, 2039
Let a(b) = 8*b + 6*b**2 + 12*b**2 + 15 + 5*b**2 - 17*b**2. List the prime factors of a(8).
463
Let i(r) = 8*r**2 + 19*r - 12. Let o be i(16). Suppose -36*g + o = -21*g. List the prime factors of g.
2, 3, 13
Suppose 0 = 5*s - 108 + 588. What are the prime factors of 631 - (s/(-3))/4?
7, 89
Suppose 25 + 2 = 3*a. List the prime factors of (-1192)/(-16)*(a - 1).
2, 149
Suppose -37*j - 96 = -13*j. List the prime factors of j/4 - (-3 - -2) - -81.
3
Let m(f) = -2*f**2 - 26*f - 19. Let w be m(-12). Suppose 5 - 1 = h. Suppose w*r + b = 142, 77 = h*r + 4*b - 43. What are the prime factors of r?
2, 7
What are the prime factors of -12*(-18)/(-972) - 793833/(-27)?
29401
Let m(v) = 126*v**3 + 13*v**2 - v + 80. List the prime factors of m(6).
2, 13879
Let l = -25 + 22. Let p(g) = -52*g + 4. Let h be p(-1). What are the prime factors of l/7 + 4392/h?
2, 3, 13
Let o be (-84)/(((-45)/12)/5). Suppose -3*k + 5*d - 3*d = -19, d + 5 = 0. Suppose c + o = k*c. List the prime factors of c.
2, 7
Let b = 717 - 310. List the prime factors of b.
11, 37
Let w(o) = -3*o**2 - 41*o + 45. Let i(q) = -4*q**2 - 62*q + 68. Let m(x) = -5*i(x) + 7*w(x). Let l be (1/(2/(-34)))/(-1). List the prime factors of m(l).
7, 11
Let l(m) = 65*m**2 - 24*m + 41. Let w be l(4). List the prime factors of (0 - 4) + w - (-4 - -6).
11, 89
Suppose 5*d - 55 = -5*i, -d + 5 = i - 2*d. Suppose i*n = 12*n - 700. List the prime factors of n.
5, 7
Let g(z) = 3789*z**3 + 72*z**2 - 140*z - 4. What are the prime factors of g(2)?
2, 11, 13, 53
Let o(w) = 13*w**3 - 5*w**2 - 2*w + 3. Let u(h) = h**3 + h**2 + h. Suppose 4*v = -98 + 82. Let y(a) = v*u(a) - o(a). List the prime factors of y(-2).
3, 47
Let i(o) = 23*o**3 + 564*o**2 + 6*o + 51. What are the prime factors of i(-24)?
3, 2273
List the prime factors of (16 - (-644)/(-42))*434871/6.
211, 229
Let l(j) = 3*j - 99. Let g be l(35). Suppose 4*y = 3*h + 315, 4*y = g*y - h - 155. List the prime factors of y.
3, 5
Suppose -912 = 4*o - y, -3*o - 5*y = 1012 - 328. Let b = o - -767. What are the prime factors of b?
7, 11
Suppose -l - 10 = -0*f + 4*f, 4*l = -f + 5. Suppose -267 = -2*v + 2*u + 3*u, -3*v = -l*u - 384. List the prime factors of v.
2, 3, 7
Suppose 2*u - 196 = -u + 4*g, 0 = -3*u + 5*g + 197. Suppose 928 = 4*i + j, -3*j - u - 181 = -i. List the prime factors of i.
233
List the prime factors of 1/1*-1*753200/(-14).
2, 5, 269
List the prime factors of 4/(-6) - (13024/(-24)*67 + 5).
36353
Suppose -26*q + 35*q - 36 = 0. Suppose q*s = 535 + 981. What are the prime factors of s?
379
Let n(w) = 120*w**2 + 193*w - 2369. What are the prime factors of n(12)?
7, 23, 107
Let q(a) = a**3 + 15*a**2 - 2*a - 21. Let u be -15 - -4*5/10. List the prime factors of q(u).
7
Let o(u) = -u**3 + 3*u**2 + u - 1. Let t be o(2). Suppose -6644 = -t*a - 944. Suppose 0 = -g - 4*g + a. What are the prime factors of g?
2, 3, 19
Let j(a) = 7*a**3 - 20*a**2 + 3*a - 6. Let i(h) = 6*h**3 - 20*h**2 + 3*h - 6. Let b(o) = -6*i(o) + 5*j(o). What are the prime factors of b(19)?
2, 5, 31
Suppose -1987*a = -1995*a + 66568. List the prime factors of a.
53, 157
Let t = -95947 + 134446. What are the prime factors of t?
3, 41, 313
Let n(d) = -4960*d + 2561. List the prime factors of n(-5).
27361
Let g be 28/10 + 12/60. Suppose 77 = 2*b + 3*m, -2*m - 121 = -4*b + g*m. What are the prime factors of b?
2, 17
Let h be (4869422/30)/23 - (-2)/(-15). Suppose -31123 + h = -42*a. What are the prime factors of a?
3, 191
Suppose 2437*o + 42812 = 2459*o. List the prime factors of o.
2, 7, 139
Suppose -4*u + 2*g = -286934, -3*u = g + g - 215218. What are the prime factors of u?
2, 3, 7, 61
Let m(o) = -o**3 - 16*o**2 - 23*o + 22. Let u be m(-14). Let z = u + 121. What are the prime factors of z?
73
Suppose -5*u = 513 - 2093. Let l = 29 + u. What are the prime factors of l?
3, 5, 23
Suppose -46844 = -16*p - 9132. Suppose 0 = 3*f - m - p - 86, -2431 = -3*f - 2*m. What are the prime factors of f?
3, 271
Let c(g) be the first derivative of 31 + 45*g - 24*g**2 + 23*g**2 - 12. List the prime factors of c(-14).
73
Let g(c) = -19*c**3 + 6*c**2 + 17*c - 40. Let x be g(-29). What are the prime factors of 48/(-22) + 2 + x/528?
2, 443
Let i = -59 + -74. List the prime factors of 4*(i/(-2) + 2).
2, 137
Let y be 10*((-90)/25 + 4). Suppose y*p = -12, -5*w + 3*p - 7*p + 13 = 0. Suppose 4*u + w*c = u + 317, 0 = 5*u - 4*c - 553. List the prime factors of u.
109
Suppose l - 17708 = -4*y, -13281 = -3*y + 143*l - 138*l. What are the prime factors of y?
19, 233
Let y = -95 - -163. Let c = y - 67. Suppose -c = o - 2, 5*n - 4*o - 796 = 0. List the prime factors of n.
2, 5
Suppose 3*m = 95 - 29. Suppose -m*q + 18943 = -3*q. What are the prime factors of q?
997
Let j = -28 + 42. Let c be 0 + 4 + 0 - j. What are the prime factors of (-81)/(-2) - 15/c?
2, 3, 7
Suppose 3*j + 5*x = 355, 31 = -4*j - x + 476. Suppose 4*d + 1184 = 5*p, 3*p - 630 - j = -5*d. What are the prime factors of p?
2, 3, 5
Suppose -8*a = -5*a + 1074. Let s = a - -728. List the prime factors of s.
2, 5, 37
Let d(l) = l**3 - 20*l**2 + 25*l - 52. Let v be d(19). What are the prime factors of (-1549)/(-11) - v/(-341)?
3, 47
Let d = -73 + 66. Let g be 3/(-7) + (-7626)/d. List the prime factors of ((-4)/(-6))/(2/g*3).
11
List the prime factors of 3151770/84 + 656/224 + -3.
3, 11, 379
Suppose 0 = 15*j - 101 - 439. Suppose 0*x - j = -9*x. Suppose p = x*r - 6*r + 61, 3*p + 65 = 2*r. What are the prime factors of r?
31
Suppose 7242 = 30*b - 7338. What are the prime factors of b - 4/40*-6*5?
3, 163
Suppose 0 = -254*z + 259*z + 2*h - 16167, 3*h = -z + 3236. What are the prime factors of z?
53, 61
Let x = -454 + 458. Suppose x*t + 2*u = 1764, 0*u = 5*t + 4*u - 2199. List the prime factors of t.
443
Let d(y) = -134*y**3 + 19*y**2 - 18*y - 37. What are the prime factors of d(-4)?
5, 1783
Let m(p) = -4058*p + 327. What are the prime factors of m(-3)?
3, 463
Suppose 28499 = 5*j + 753*y - 757*y, 4*y = 4*j - 22804. What are the prime factors of j?
5, 17, 67
Suppose 5*r - 2*o + 172 = 0, -4*r + 3*o - 213 = -81. Let c = 70 + r. Suppose 35*i - c*i - 55 = 0. What are the prime factors of i?
5, 11
Let j = -57 - -30. Let b(k) = -21*k - 89. List the prime factors of b(j).
2, 239
Suppose 0 = -4*n + r + 155643, -2*n + 65571 = 3*r - 12268. What are the prime factors of n?
2, 19
Let y be (-4)/((-44)/36 - -1). Suppose 2*q - 3*b + 29 + 7 = 0, -5*q - 90 = 2*b. What are the prime factors of (-2 + 1 - -66) + y + q?
5, 13
Suppose -15*f + 10*f + 87051 = p, 0 = -f + 4*p + 17427. List the prime factors of f.
23, 757
Suppose 25 = -p - 2*l - 3*l, 15 = 3*p - 3*l. Let z be (p - 9/(-4))/((-3)/(-468)). Suppose -24*w = -27*w + z. List the prime factors of w.
3, 13
What are the prime factors of -3 - -20692 - -8 - -2?
7, 2957
What are the prime factors of (-49)/(490/(-27540)) + 5?
31, 89
Let v be (-1 + 4/3)*6. Let m(a) = -2*a**2 - 26*a + 56. Let g be m(2). List the prime factors of 1344/9 + (g/6)/v.
149
Let l(c) = 7*c**3 - 2*c**2 + 6*c - 2. Let g = -132 - -135. Let x be l(g). Let d = 279 - x. List the prime factors of d.
2, 23
Let w(f) be the second derivative of 67*f**3/3 - 5*f**2/2 - f. Let n = 1113 + -1112. What are the prime factors of w(n)?
3, 43
Let y = -256 - -556. Suppose -55*s + 8988 = -18842. Let h = s - y. List the prime factors of h.
2, 103
Let m = 56871 - 34424. What are the prime factors of m?
22447
Let s(v) = -v**3 - 26*v**2 + 358*v - 495. What are the prime factors of s(-51)?
2, 3, 241
What are the prime factors of (-72777)/(-5) - (2 - 208/130)?
5, 41, 71
Let g(o) = -o**3 + 10*o**2 + 10*o + 12. Let r be g(11). Suppose 2*u + 8 = 0, 3*a - r + 3 = -5*u. Suppose 4*h + a*h = 1040. What are t